{"id":1560,"date":"2025-05-03T20:50:34","date_gmt":"2025-05-03T20:50:34","guid":{"rendered":"https:\/\/itetps.edu.sv\/?page_id=1560"},"modified":"2025-05-03T20:50:48","modified_gmt":"2025-05-03T20:50:48","slug":"investigacion4-2023","status":"publish","type":"page","link":"https:\/\/itetps.edu.sv\/?page_id=1560","title":{"rendered":"investigacion4-2023"},"content":{"rendered":"\t\t<div data-elementor-type=\"wp-page\" data-elementor-id=\"1560\" class=\"elementor elementor-1560\">\n\t\t\t\t<div class=\"elementor-element elementor-element-c22b9d0 e-flex e-con-boxed e-con e-parent\" data-id=\"c22b9d0\" data-element_type=\"container\">\n\t\t\t\t\t<div class=\"e-con-inner\">\n\t\t\t\t<div class=\"elementor-element elementor-element-2c6441e elementor-widget elementor-widget-heading\" data-id=\"2c6441e\" data-element_type=\"widget\" data-widget_type=\"heading.default\">\n\t\t\t\t<div class=\"elementor-widget-container\">\n\t\t\t\t\t<h2 class=\"elementor-heading-title elementor-size-default\">(2023) DIAG\u00d3STICO SOBRE DEMANDA Y NECESIDADES DE FORMACION DE LA CARRERA DE LICENCIATURA EN ENFERMER\u00cdA<\/h2>\t\t\t\t<\/div>\n\t\t\t\t<\/div>\n\t\t\t\t\t<\/div>\n\t\t\t\t<\/div>\n\t\t<div class=\"elementor-element elementor-element-7197573 e-flex e-con-boxed e-con e-parent\" data-id=\"7197573\" data-element_type=\"container\">\n\t\t\t\t\t<div class=\"e-con-inner\">\n\t\t<div class=\"elementor-element elementor-element-a117e7f e-con-full e-flex e-con e-child\" data-id=\"a117e7f\" data-element_type=\"container\">\n\t\t\t\t<div class=\"elementor-element elementor-element-0a216c0 elementor-widget elementor-widget-text-editor\" data-id=\"0a216c0\" data-element_type=\"widget\" data-widget_type=\"text-editor.default\">\n\t\t\t\t<div class=\"elementor-widget-container\">\n\t\t\t\t\t\t\t\t\t<p>El estudio busca identificar la relaci\u00f3n entre la formaci\u00f3n y la demanda laboral en el sector salud para profesionales de enfermer\u00eda. Se considera la opini\u00f3n de estudiantes, egresados y empleadores para evaluar estas interacciones, cumpliendo con un mandato legal sobre educaci\u00f3n superior. El enfoque del estudio fue cuantitativo y se utiliz\u00f3 la encuesta aplicada a estudiantes, egresados y empleadores a trav\u00e9s de Formularios de Google. Se destacan los principales hallazgos: &#8211; Percepci\u00f3n de la Necesidad de Formaci\u00f3n: Un 96.1% de los encuestados tiene la opini\u00f3n de que es crucial aumentar la formaci\u00f3n de profesionales en enfermer\u00eda, reflejando una clara percepci\u00f3n de la falta de personal calificado. &#8211; Preferencias en Instituciones Educativas: El 79% de los participantes prefiri\u00f3 continuar su formaci\u00f3n en un instituto especializado, lo que sugiere que los egresados valoran la formaci\u00f3n t\u00e9cnica espec\u00edfica que estos institutos pueden ofrecer, a menudo vi\u00e9ndola como m\u00e1s relevante que la educaci\u00f3n universitaria tradicional. &#8211; Inter\u00e9s en \u00e1reas espec\u00edficas de formaci\u00f3n: Los encuestados sugirieron que la incorporaci\u00f3n de nuevas especializaciones (geriatr\u00eda, oncolog\u00eda, etc.) es esencial para mejorar el perfil profesional de los futuros graduados.\u00a0<\/p>\t\t\t\t\t\t\t\t<\/div>\n\t\t\t\t<\/div>\n\t\t\t\t<\/div>\n\t\t<div class=\"elementor-element elementor-element-a83f2cf e-con-full e-flex e-con e-child\" data-id=\"a83f2cf\" data-element_type=\"container\">\n\t\t\t\t<div class=\"elementor-element elementor-element-3579952 elementor-widget elementor-widget-text-editor\" data-id=\"3579952\" data-element_type=\"widget\" data-widget_type=\"text-editor.default\">\n\t\t\t\t<div class=\"elementor-widget-container\">\n\t\t\t\t\t\t\t\t\t<p>Entre las principales necesidades de formaci\u00f3n identificadas est\u00e1n: &#8211; Habilidades t\u00e9cnicas y cient\u00edficas: Se deben fortalecer competencias en \u00e1reas cr\u00edticas que son esenciales para la atenci\u00f3n con est\u00e1ndares de calidad internacional. &#8211; Formaci\u00f3n en salud p\u00fablica: Dada la evidente carencia de personal, es fundamental preparar a los estudiantes no solo para el cuidado directo, sino tambi\u00e9n para roles en salud p\u00fablica. &#8211; Emprendimiento: En un contexto donde el sector salud evoluciona r\u00e1pidamente, capacitar a los futuros profesionales en habilidades empresariales puede ayudar a promover iniciativas privadas en el cuidado de la salud. El estudio confirma que existe una relaci\u00f3n directa entre la calidad de la formaci\u00f3n recibida y la capacidad de inserci\u00f3n laboral en el sector salud, destacando la necesidad de que el Instituto Tecnol\u00f3gico Escuela T\u00e9cnica para la Salud ofrezca la Licenciatura en Enfermer\u00eda. La necesidad de formaci\u00f3n va m\u00e1s all\u00e1 de la mera cantidad de personal: la calidad y la relevancia de la formaci\u00f3n recibida son clave para satisfacer las demandas del mercado laboral.<\/p>\t\t\t\t\t\t\t\t<\/div>\n\t\t\t\t<\/div>\n\t\t\t\t<\/div>\n\t\t\t\t\t<\/div>\n\t\t\t\t<\/div>\n\t\t\t\t<\/div>\n\t\t","protected":false},"excerpt":{"rendered":"<p>(2023) DIAG\u00d3STICO SOBRE DEMANDA Y NECESIDADES DE FORMACION DE LA CARRERA DE LICENCIATURA EN ENFERMER\u00cdA El estudio busca identificar la [&hellip;]<\/p>\n","protected":false},"author":3,"featured_media":0,"parent":0,"menu_order":0,"comment_status":"closed","ping_status":"closed","template":"","meta":{"site-sidebar-layout":"no-sidebar","site-content-layout":"","ast-site-content-layout":"full-width-container","site-content-style":"default","site-sidebar-style":"default","ast-global-header-display":"","ast-banner-title-visibility":"","ast-main-header-display":"","ast-hfb-above-header-display":"","ast-hfb-below-header-display":"","ast-hfb-mobile-header-display":"","site-post-title":"disabled","ast-breadcrumbs-content":"","ast-featured-img":"disabled","footer-sml-layout":"","theme-transparent-header-meta":"","adv-header-id-meta":"","stick-header-meta":"","header-above-stick-meta":"","header-main-stick-meta":"","header-below-stick-meta":"","astra-migrate-meta-layouts":"default","ast-page-background-enabled":"default","ast-page-background-meta":{"desktop":{"background-color":"var(--ast-global-color-4)","background-image":"","background-repeat":"repeat","background-position":"center center","background-size":"auto","background-attachment":"scroll","background-type":"","background-media":"","overlay-type":"","overlay-color":"","overlay-opacity":"","overlay-gradient":""},"tablet":{"background-color":"","background-image":"","background-repeat":"repeat","background-position":"center center","background-size":"auto","background-attachment":"scroll","background-type":"","background-media":"","overlay-type":"","overlay-color":"","overlay-opacity":"","overlay-gradient":""},"mobile":{"background-color":"","background-image":"","background-repeat":"repeat","background-position":"center center","background-size":"auto","background-attachment":"scroll","background-type":"","background-media":"","overlay-type":"","overlay-color":"","overlay-opacity":"","overlay-gradient":""}},"ast-content-background-meta":{"desktop":{"background-color":"var(--ast-global-color-5)","background-image":"","background-repeat":"repeat","background-position":"center center","background-size":"auto","background-attachment":"scroll","background-type":"","background-media":"","overlay-type":"","overlay-color":"","overlay-opacity":"","overlay-gradient":""},"tablet":{"background-color":"var(--ast-global-color-5)","background-image":"","background-repeat":"repeat","background-position":"center center","background-size":"auto","background-attachment":"scroll","background-type":"","background-media":"","overlay-type":"","overlay-color":"","overlay-opacity":"","overlay-gradient":""},"mobile":{"background-color":"var(--ast-global-color-5)","background-image":"","background-repeat":"repeat","background-position":"center center","background-size":"auto","background-attachment":"scroll","background-type":"","background-media":"","overlay-type":"","overlay-color":"","overlay-opacity":"","overlay-gradient":""}},"footnotes":""},"class_list":["post-1560","page","type-page","status-publish","hentry"],"_links":{"self":[{"href":"https:\/\/itetps.edu.sv\/index.php?rest_route=\/wp\/v2\/pages\/1560","targetHints":{"allow":["GET"]}}],"collection":[{"href":"https:\/\/itetps.edu.sv\/index.php?rest_route=\/wp\/v2\/pages"}],"about":[{"href":"https:\/\/itetps.edu.sv\/index.php?rest_route=\/wp\/v2\/types\/page"}],"author":[{"embeddable":true,"href":"https:\/\/itetps.edu.sv\/index.php?rest_route=\/wp\/v2\/users\/3"}],"replies":[{"embeddable":true,"href":"https:\/\/itetps.edu.sv\/index.php?rest_route=%2Fwp%2Fv2%2Fcomments&post=1560"}],"version-history":[{"count":4,"href":"https:\/\/itetps.edu.sv\/index.php?rest_route=\/wp\/v2\/pages\/1560\/revisions"}],"predecessor-version":[{"id":1564,"href":"https:\/\/itetps.edu.sv\/index.php?rest_route=\/wp\/v2\/pages\/1560\/revisions\/1564"}],"wp:attachment":[{"href":"https:\/\/itetps.edu.sv\/index.php?rest_route=%2Fwp%2Fv2%2Fmedia&parent=1560"}],"curies":[{"name":"wp","href":"https:\/\/api.w.org\/{rel}","templated":true}]}}