{"id":1583,"date":"2025-05-05T04:15:45","date_gmt":"2025-05-05T04:15:45","guid":{"rendered":"https:\/\/itetps.edu.sv\/?page_id=1583"},"modified":"2025-05-05T04:17:29","modified_gmt":"2025-05-05T04:17:29","slug":"investigacion5-2021","status":"publish","type":"page","link":"https:\/\/itetps.edu.sv\/?page_id=1583","title":{"rendered":"investigacion5-2021"},"content":{"rendered":"\t\t<div data-elementor-type=\"wp-page\" data-elementor-id=\"1583\" class=\"elementor elementor-1583\">\n\t\t\t\t<div class=\"elementor-element elementor-element-c22b9d0 e-flex e-con-boxed e-con e-parent\" data-id=\"c22b9d0\" data-element_type=\"container\">\n\t\t\t\t\t<div class=\"e-con-inner\">\n\t\t\t\t<div class=\"elementor-element elementor-element-2c6441e elementor-widget elementor-widget-heading\" data-id=\"2c6441e\" data-element_type=\"widget\" data-widget_type=\"heading.default\">\n\t\t\t\t<div class=\"elementor-widget-container\">\n\t\t\t\t\t<h2 class=\"elementor-heading-title elementor-size-default\">(2021) ESTUDIO SOBRE OFERTA E INSERCI\u00d3N LABORAL DE GRADUADOS DE LA CARRERA DE T\u00c9CNICO EN ENFERMER\u00cdA ITETPS<\/h2>\t\t\t\t<\/div>\n\t\t\t\t<\/div>\n\t\t\t\t\t<\/div>\n\t\t\t\t<\/div>\n\t\t<div class=\"elementor-element elementor-element-7197573 e-flex e-con-boxed e-con e-parent\" data-id=\"7197573\" data-element_type=\"container\">\n\t\t\t\t\t<div class=\"e-con-inner\">\n\t\t<div class=\"elementor-element elementor-element-a117e7f e-con-full e-flex e-con e-child\" data-id=\"a117e7f\" data-element_type=\"container\">\n\t\t\t\t<div class=\"elementor-element elementor-element-0a216c0 elementor-widget elementor-widget-text-editor\" data-id=\"0a216c0\" data-element_type=\"widget\" data-widget_type=\"text-editor.default\">\n\t\t\t\t<div class=\"elementor-widget-container\">\n\t\t\t\t\t\t\t\t\t<p>Estudio sobre oferta e inserci\u00f3n laboral de graduados de la carrera de T\u00e9cnico en Enfermer\u00eda ITETPS. El estudio se centr\u00f3 en la oferta e inserci\u00f3n laboral del talento humano en la carrera de T\u00e9cnico en Enfermer\u00eda del Instituto Tecnol\u00f3gico Escuela T\u00e9cnica Para La Salud. El estudio tuvo como objetivo general identificar la relaci\u00f3n entre la oferta e inserci\u00f3n laboral de los graduados en T\u00e9cnico en Enfermer\u00eda. Por lo que el enunciado del problema de investigaci\u00f3n fue \u00bfExiste una relaci\u00f3n entre la oferta laboral y la inserci\u00f3n laboral del talento humano de la carrera de T\u00e9cnico en Enfermer\u00eda del Instituto Tecnol\u00f3gico Escuela T\u00e9cnica Para La Salud? Esta cuesti\u00f3n es crucial, ya que la inserci\u00f3n laboral efectiva de los graduados no solo afecta su desarrollo profesional, sino que tambi\u00e9n impacta en la calidad de atenci\u00f3n en salud que se puede ofrecer a la poblaci\u00f3n.<\/p>\t\t\t\t\t\t\t\t<\/div>\n\t\t\t\t<\/div>\n\t\t\t\t<\/div>\n\t\t<div class=\"elementor-element elementor-element-a83f2cf e-con-full e-flex e-con e-child\" data-id=\"a83f2cf\" data-element_type=\"container\">\n\t\t\t\t<div class=\"elementor-element elementor-element-3579952 elementor-widget elementor-widget-text-editor\" data-id=\"3579952\" data-element_type=\"widget\" data-widget_type=\"text-editor.default\">\n\t\t\t\t<div class=\"elementor-widget-container\">\n\t\t\t\t\t\t\t\t\t<p>El marco te\u00f3rico aborda antecedentes sobre la oferta laboral y la inserci\u00f3n laboral, proporcionando un contexto para el an\u00e1lisis de los datos recolectados. Se utiliz\u00f3 un dise\u00f1o metodol\u00f3gico que incluy\u00f3 la recolecci\u00f3n de datos a trav\u00e9s de encuestas dirigidas a graduados y empleadores. Se implementaron aspectos \u00e9ticos para garantizar la confidencialidad y el respeto hacia los participantes. Los resultados mostraron una relaci\u00f3n significativa entre la oferta laboral y la inserci\u00f3n de los graduados. Un 66% de los empleadores encuestados consideraron que los graduados poseen las competencias necesarias para el desempe\u00f1o en el campo laboral. Concluy\u00e9ndose que existe una percepci\u00f3n positiva sobre la oferta laboral para los graduados en T\u00e9cnico en Enfermer\u00eda, y se destaca la importancia de fortalecer la conexi\u00f3n entre la formaci\u00f3n acad\u00e9mica y las necesidades del mercado laboral.<\/p>\t\t\t\t\t\t\t\t<\/div>\n\t\t\t\t<\/div>\n\t\t\t\t<\/div>\n\t\t\t\t\t<\/div>\n\t\t\t\t<\/div>\n\t\t\t\t<\/div>\n\t\t","protected":false},"excerpt":{"rendered":"<p>(2021) ESTUDIO SOBRE OFERTA E INSERCI\u00d3N LABORAL DE GRADUADOS DE LA CARRERA DE T\u00c9CNICO EN ENFERMER\u00cdA ITETPS Estudio sobre oferta [&hellip;]<\/p>\n","protected":false},"author":3,"featured_media":0,"parent":0,"menu_order":0,"comment_status":"closed","ping_status":"closed","template":"","meta":{"site-sidebar-layout":"no-sidebar","site-content-layout":"","ast-site-content-layout":"full-width-container","site-content-style":"default","site-sidebar-style":"default","ast-global-header-display":"","ast-banner-title-visibility":"","ast-main-header-display":"","ast-hfb-above-header-display":"","ast-hfb-below-header-display":"","ast-hfb-mobile-header-display":"","site-post-title":"disabled","ast-breadcrumbs-content":"","ast-featured-img":"disabled","footer-sml-layout":"","theme-transparent-header-meta":"","adv-header-id-meta":"","stick-header-meta":"","header-above-stick-meta":"","header-main-stick-meta":"","header-below-stick-meta":"","astra-migrate-meta-layouts":"default","ast-page-background-enabled":"default","ast-page-background-meta":{"desktop":{"background-color":"var(--ast-global-color-4)","background-image":"","background-repeat":"repeat","background-position":"center center","background-size":"auto","background-attachment":"scroll","background-type":"","background-media":"","overlay-type":"","overlay-color":"","overlay-opacity":"","overlay-gradient":""},"tablet":{"background-color":"","background-image":"","background-repeat":"repeat","background-position":"center center","background-size":"auto","background-attachment":"scroll","background-type":"","background-media":"","overlay-type":"","overlay-color":"","overlay-opacity":"","overlay-gradient":""},"mobile":{"background-color":"","background-image":"","background-repeat":"repeat","background-position":"center center","background-size":"auto","background-attachment":"scroll","background-type":"","background-media":"","overlay-type":"","overlay-color":"","overlay-opacity":"","overlay-gradient":""}},"ast-content-background-meta":{"desktop":{"background-color":"var(--ast-global-color-5)","background-image":"","background-repeat":"repeat","background-position":"center center","background-size":"auto","background-attachment":"scroll","background-type":"","background-media":"","overlay-type":"","overlay-color":"","overlay-opacity":"","overlay-gradient":""},"tablet":{"background-color":"var(--ast-global-color-5)","background-image":"","background-repeat":"repeat","background-position":"center center","background-size":"auto","background-attachment":"scroll","background-type":"","background-media":"","overlay-type":"","overlay-color":"","overlay-opacity":"","overlay-gradient":""},"mobile":{"background-color":"var(--ast-global-color-5)","background-image":"","background-repeat":"repeat","background-position":"center center","background-size":"auto","background-attachment":"scroll","background-type":"","background-media":"","overlay-type":"","overlay-color":"","overlay-opacity":"","overlay-gradient":""}},"footnotes":""},"class_list":["post-1583","page","type-page","status-publish","hentry"],"_links":{"self":[{"href":"https:\/\/itetps.edu.sv\/index.php?rest_route=\/wp\/v2\/pages\/1583","targetHints":{"allow":["GET"]}}],"collection":[{"href":"https:\/\/itetps.edu.sv\/index.php?rest_route=\/wp\/v2\/pages"}],"about":[{"href":"https:\/\/itetps.edu.sv\/index.php?rest_route=\/wp\/v2\/types\/page"}],"author":[{"embeddable":true,"href":"https:\/\/itetps.edu.sv\/index.php?rest_route=\/wp\/v2\/users\/3"}],"replies":[{"embeddable":true,"href":"https:\/\/itetps.edu.sv\/index.php?rest_route=%2Fwp%2Fv2%2Fcomments&post=1583"}],"version-history":[{"count":4,"href":"https:\/\/itetps.edu.sv\/index.php?rest_route=\/wp\/v2\/pages\/1583\/revisions"}],"predecessor-version":[{"id":1587,"href":"https:\/\/itetps.edu.sv\/index.php?rest_route=\/wp\/v2\/pages\/1583\/revisions\/1587"}],"wp:attachment":[{"href":"https:\/\/itetps.edu.sv\/index.php?rest_route=%2Fwp%2Fv2%2Fmedia&parent=1583"}],"curies":[{"name":"wp","href":"https:\/\/api.w.org\/{rel}","templated":true}]}}